et p(m) = -3*m**3 - 4*m**2 - 2*m + 6. What is p(-3)?
57
Let z(f) = -42*f + 72. What is z(4)?
-96
Let c(i) = 8*i**2 - 5*i. Calculate c(-2).
42
Let g(y) = -9*y - 4. What is g(-1)?
5
Let g(c) = -c**3 - 4*c**2 + 4*c - 5. Determine g(-4).
-21
Let x(y) = -y**3 - 7*y**2 - 4*y - 8. What is x(-6)?
-20
Let o(s) = -2*s**2 + 6*s + 5. Determine o(5).
-15
Let q(w) = 7*w**3 - 2*w**2 - w + 2. What is q(1)?
6
Let w(y) = y**2 - 17*y + 48. Determine w(10).
-22
Let f(w) = -5*w - 13. Give f(-7).
22
Let w(f) = -14*f + 12. Give w(-6).
96
Let m(j) = -j**3 + 4*j**2 - 5. Calculate m(5).
-30
Let n(b) = 7*b + 11. Determine n(-6).
-31
Let k(s) = -2*s**3 + 8*s**2 - s - 3. Give k(4).
-7
Let h(s) = -s**3 - 3*s**2 - 2*s + 1. Give h(-2).
1
Let q(c) = -3*c**2 + 16*c - 12. Give q(6).
-24
Let d(m) = -m**2 - m + 56. Determine d(-8).
0
Let n(t) = -25*t**3 + 2*t**2 - 4*t + 2. Determine n(1).
-25
Let x(l) = -6*l + 174. Give x(29).
0
Let i(s) = -5*s + 4. What is i(6)?
-26
Let w(d) = d**3 + 15*d**2 + 17*d + 35. Calculate w(-14).
-7
Let k(q) = 20*q + 85. What is k(-4)?
5
Let o(a) = 27*a + 14. What is o(-2)?
-40
Let t(r) = -2*r**3 + 47*r**2 - 24*r + 19. Give t(23).
-4
Let u(l) = 2*l**2 - 8*l - 9. Calculate u(5).
1
Let k(u) = -u**3 - 10*u**2 - 11*u - 12. Determine k(-8).
-52
Let r(q) = q**3 + 6*q**2 - 6*q + 3. Give r(-7).
-4
Let d(h) = -11*h + 42. Calculate d(3).
9
Let w(b) = -2*b**2 - 2*b - 6. What is w(3)?
-30
Let y(i) = i**3 - i**2 - 5*i + 7. What is y(5)?
82
Let s(o) = -3*o**2 - 3*o + 3. Calculate s(2).
-15
Let v(c) = c**2 - 13*c - 34. Calculate v(16).
14
Let y(m) = m**3 - 13*m**2 + 20*m + 16. Determine y(11).
-6
Let s(p) = p**3 + 13*p**2 + 6*p - 38. Calculate s(-13).
-116
Let z(k) = -4*k**2 - 9*k - 8. Determine z(-5).
-63
Let g(s) = s**2 - 14*s + 40. What is g(9)?
-5
Let v(g) = 7*g + 104. Calculate v(-19).
-29
Let j(y) = y**2 + 12*y - 14. What is j(-12)?
-14
Let y(g) = -g**2 + 14*g - 12. Calculate y(13).
1
Let j(h) = h**3 - 4*h**2 - h + 4. Calculate j(3).
-8
Let q(g) = g**3 - 8*g**2 + g + 3. Give q(8).
11
Let a(p) = -13*p - 87. Give a(-8).
17
Let k(a) = 5*a + 208. Give k(-40).
8
Let c(i) = i**2 + 48*i - 24. Calculate c(-48).
-24
Let c(f) = 2*f**2 - 2*f - 4. What is c(7)?
80
Let b(q) = q**3 - 8*q**2 + 11*q + 6. Determine b(3).
-6
Let x(p) = -p**3 + p**2 + 9*p + 3. Determine x(4).
-9
Let i(k) = -4*k - 3. What is i(-1)?
1
Let k(d) = -d**3 - d**2 + 4*d + 5. Determine k(-2).
1
Let m(w) = 4*w + 14. What is m(-11)?
-30
Let b(g) = g**3 - 5*g**2 + 6*g + 2. Determine b(4).
10
Let v(g) = -g**3 + 5*g**2 + 66*g - 4. Calculate v(11).
-4
Let j(p) = -52*p**2 + p + 1. Determine j(-1).
-52
Let k(i) = -i**3 + 11*i**2 - 4*i - 53. Determine k(10).
7
Let f(a) = a**3 + 8*a**2 - 9*a + 9. Calculate f(-9).
9
Let q(f) = -f**2 + 9*f + 9. What is q(13)?
-43
Let h(c) = 2*c**3 - 6*c**2 + 10*c - 8. Determine h(2).
4
Let w(g) = g**2 - 14*g + 5. Give w(10).
-35
Let h(c) = -c**3 - 14*c**2 + 16*c + 13. Calculate h(-15).
-2
Let s(f) = 13*f - 2. Calculate s(-1).
-15
Let q(c) = c**2 + 9*c + 14. What is q(-7)?
0
Let u(a) = a - 27. What is u(35)?
8
Let o(w) = w**2 + 39*w + 224. Determine o(-32).
0
Let h(o) = 4*o - 49. What is h(8)?
-17
Let c(d) = -3*d + 6. Calculate c(0).
6
Let j(c) = -c**2 - 16*c - 53. Calculate j(-12).
-5
Let k(l) = l**2 - 3*l. Determine k(6).
18
Let j(o) = -o**3 - 9*o**2 + 6*o - 3. Determine j(-10).
37
Let f(y) = -y**3 + y**2 + 4*y + 3. What is f(3)?
-3
Let h(w) = 3*w - 41. Give h(12).
-5
Let j(o) = -2*o**3 + 9*o**2 - 4*o - 7. What is j(3)?
8
Let n(f) = 15*f - 163. Calculate n(10).
-13
Let k(d) = d**2 - 15*d + 23. What is k(14)?
9
Let a(h) = -h**3 + 5*h**2 + 13*h - 36. Give a(6).
6
Let t(s) = -2*s**2 + 3*s + 9. What is t(4)?
-11
Let g(o) = -o**3 - 7*o**2 + 8*o + 7. Calculate g(-7).
-49
Let j(s) = s**2 - 28. Calculate j(-7).
21
Let u(l) = -2*l**2 + l - 16. Calculate u(0).
-16
Let a(d) = d**2 + 7*d - 4. Calculate a(-4).
-16
Let p(w) = 4*w + 28. Calculate p(-13).
-24
Let r(z) = -z + 4. Determine r(11).
-7
Let j(g) = 2*g**2 + 3*g - 3. What is j(-4)?
17
Let w(r) = -r**3 + 4*r**2 + 3*r + 4. Determine w(3).
22
Let m(n) = -6*n + 61. Calculate m(9).
7
Let s(t) = 4*t**2 - 5*t - 29. Calculate s(-4).
55
Let s(b) = -b**3 - 3*b**2 + 7*b + 3. Calculate s(-5).
18
Let s(l) = -l + 17. Determine s(13).
4
Let i(r) = -r**2 - 27*r - 50. Calculate i(-21).
76
Let m(j) = 2*j**2 + 10*j - 8. Give m(-7).
20
Let t(q) = -4*q**2 - 2*q - 3. Give t(3).
-45
Let u(l) = -l**2 + l + 87. Determine u(10).
-3
Let r(a) = -a**2 + 17*a + 8. Calculate r(18).
-10
Let c(i) = -143*i - 287. Calculate c(-2).
-1
Let d(p) = -3*p - 9. Calculate d(1).
-12
Let w(y) = -12*y + 6. Determine w(1).
-6
Let r(w) = 11*w + 3. Determine r(4).
47
Let x(u) = u**2 + 33*u + 215. Determine x(-8).
15
Let m(t) = t**3 + 5*t**2 + 5*t + 6. Calculate m(-4).
2
Let u(q) = -10*q**3 - q**2 - q + 1. What is u(1)?
-11
Let u(p) = -p**2 - 12*p + 15. Give u(-13).
2
Let n(i) = -7*i + 53. Determine n(7).
4
Let u(n) = 6*n**2 - 33*n - 27. Determine u(7).
36
Let a(t) = t**2 - 68*t + 429. Calculate a(7).
2
Let h(o) = 8*o**2 + 2*o - 1. What is h(1)?
9
Let q(a) = a**3 - 5*a**2 - 16*a + 7. Calculate q(7).
-7
Let f(r) = -4*r - 8. Give f(10).
-48
Let c(v) = -v**3 - v**2 + 5*v. Determine c(-4).
28
Let v(l) = -l**2 + 3*l + 8. Determine v(6).
-10
Let j(l) = -6*l + 29. What is j(7)?
-13
Let p(n) = n**2 + 19*n + 35. Give p(-5).
-35
Let w(x) = -3*x**3 - x**2 - x - 1. What is w(-1)?
2
Let r(c) = -c**2 + 22*c - 12. Determine r(22).
-12
Let m(s) = 2*s**3 - 6*s**2 + 2*s - 1. What is m(4)?
39
Let u(t) = -2*t**2 - 41*t - 9. Give u(-19).
48
Let t(k) = -2*k + 7. Calculate t(10).
-13
Let r(h) = -11*h + 20. What is r(2)?
-2
Let o(q) = q**2 - 9*q + 6. Determine o(7).
-8
Let i(y) = -y**3 - 12*y**2 + 5*y + 24. Determine i(-12).
-36
Let j(q) = 11*q**2 + 8*q + 1. What is j(-1)?
4
Let o(k) = 2*k**2 - 23*k - 27. What is o(13)?
12
Let g(q) = -q. Calculate g(-8).
8
Let z(j) = 5*j - 1. Give z(1).
4
Let b(f) = f**3 + 15*f**2 - f - 7. Calculate b(-15).
8
Let m(t) = -2*t - 27. What is m(13)?
-53
Let k(a) = a**2 + 8*a - 16. Calculate k(-9).
-7
Let y(v) = -4*v**2 + 32*v - 16. Give y(8).
-16
Let k(s) = s**3 + s**2 - 34. Give k(0).
-34
Let d(l) = l**3 - 16*l**2 + 13. What is d(16)?
13
Let i(v) = -v - 10. What is i(-9)?
-1
Let i(f) = -f**3 - f + 19. What is i(0)?
19
Let v(r) = 18*r - 233. What is v(13)?
1
Let k(d) = 92*d - 78. Determine k(1).
14
Let r(p) = -p**3 - 37*p**2 - 3*p - 118. Determine r(-37).
-7
Let d(i) = i**2 + 11*i - 9. Determine d(-14).
33
Let q(u) = -u**3 - 49*u**2 + 208*u - 215. Determine q(-53).
-3
Let m(n) = 26*n + 95. Determine m(-4).
-9
Let p(g) = g**3 - 13*g**2 - 22*g + 107. What is p(14)?
-5
Let t(d) = -d**3 + 5*d**2 - 3*d + 1. What is t(4)?
5
Let i(f) = f**3 + 8*f**2 + 9*f - 7. Calculate i(-6).
11
Let k(a) = 2*a**3 - 9*a**2 + a - 29. Calculate k(5).
1
Let j(f) = -f**3 - 54*f**2 - 104*f - 14. Give j(-52).
-14
Let t(q) = 23*q**2 + 2*q + 1. Determine t(-1).
22
Let s(f) = f**3 - 3*f**2 - f - 1. Calculate s(3).
-4
Let t(a) = -a + 1. What is t(16)?
-15
Let y(h) = -3*h**2 - 26*h - 1. Determine y(-9).
-10
Let w(d) = 7*d**2 + 3*d - 4. What is w(-3)?
50
Let h(t) = -t**3 - 8*t**2 + 2*t - 14. Determine h(-6).
-98
Let z(l) = 6*l + 4. Determine z(-8).
-44
Let n(h) = -h**2 - 8*h - 9. What is n(-2)?
3
Let z(s) = -45*s + 354. What is z(8)?
-6
Let m(z) = -z**3 + 3*z**2 - z - 1. What is m(2)?
1
Let x(h) = -2*h + 59. Calculate x(14).
31
Let l(r) = r**3 - r**2 + 11. Give l(5).
111
Let c(r) = -r**2 + 9*r - 3. Give c(4).
17
Let d(y) = -3*y + 5. What is d(4)?
-7
Let w(p) = 2*p**2 + 39*p - 16. Determine w(-18).
-70
Let k(o) = -3*o**2 + 7*o + 6. What is k(4)?
-14
Let j(r) = 29*r**2 - 22*r - 2. What is j(1)?
5
Let b(c) = -18*c**3 - 2*c**2 - c. What is b(-1)?
17
Let h(z) = z**2 + 11*z + 32. Give h(-11).
32
Let y(m) = m**2 + 32*m - 902. What is y(18)?
-2
Let d(i) = -2*i**2 - 3*i - 7. Calculate d(-4).
-27
Let a(s) = -s**3 - 8*s**2 + 19*s - 15. What is a(-10)?
-5
Let k(g) = 2*g**2 - 13*g - 15. What is k(8)?
9
Let c(u) = u**2 - 7*u + 8. Calculate c(5).
-2
Let b(g) = g**2 - 5*g - 37. Determine b(9).
-1
Let t(o) = 9*o - 134. Determine t(17).
19
Let b(w) = 7*w - 168. Determine b(25).
7
Let d(g) = -g**2 + 3. Determine d(0).
3
Let a(v) = -74*v**3 + v**2 - 1. Determine a(-1).
74
Let p(a) = a**3 - 4*a**2 - 3*a - 8. Give p(5).
2
Let y(z) = z*